46 (base 9) to base 2.
100000001100111111101
What is a36d8 (base 15) in base 12?
20b888
101210 (base 9) to base 12
2a839
-101101000100101101101 (base 2) to base 7
-15361021
Convert -113302333213 (base 4) to base 5.
-3044110213
1705b8 (base 13) to base 3
1002001221012
What is -12012 (base 12) in base 16?
-5e8e
Convert -33b881 (base 16) to base 4.
-30323202001
Convert -1221201201221 (base 3) to base 9.
-1851657
-1359551 (base 10) to base 7
-14361464
Convert 81898 (base 11) to base 6.
2321222
414d3a (base 14) to base 8
10317230
-56939b6 (base 12) to base 4
-333120223122
Convert 201120010012 (base 3) to base 4.
1131333212
16143 (base 11) to base 12
11237
Convert 705061 (base 11) to base 6.
40150211
What is 21312230312 (base 4) in base 15?
360685
-616631 (base 7) to base 8
-316221
Convert -c25b (base 15) to base 4.
-22001030
d2215 (base 14) to base 7
4203125
Convert 3123433 (base 5) to base 11.
3596a
Convert -20444100 (base 5) to base 12.
-834a7
Convert 197557 (base 10) to base 11.
125478
12103352 (base 7) to base 3
2000201011202
What is -8027c (base 15) in base 10?
-405567
What is -10110333 (base 4) in base 16?
-453f
320044 (base 6) to base 15
7a4d
What is 82289 (base 15) in base 16?
64aa9
202220102022 (base 3) to base 14
a9d41
199745 (base 12) to base 11
289712
What is -9bb4b (base 15) in base 9?
-834368
Convert 56dc (base 16) to base 12.
10a50
-1135424252 (base 6) to base 12
-4385088
-a09a20 (base 11) to base 5
-403424341
Convert c437b (base 13) to base 5.
42232004
-5510a (base 12) to base 16
-1b75a
Convert 490636 (base 12) to base 8.
4406212
-7ab23a (base 13) to base 6
-142204331
230003012 (base 4) to base 9
304438
-dc71 (base 16) to base 13
-1c8c0
What is -1a89177 (base 12) in base 5?
-2421442404
What is 15a430 (base 12) in base 10?
370404
Convert -708d2d (base 14) to base 3.
-21010111221210
Convert -101000100111000010 (base 2) to base 12.
-80316
Convert dd42 (base 15) to base 6.
1000542
-35112322 (base 6) to base 8
-4102532
What is 1026a73 (base 12) in base 13?
825543
Convert -222049 (base 15) to base 7.
-16553625
4164477 (base 8) to base 13
2ca5bb
57288 (base 9) to base 7
216140
What is 29c514 (base 14) in base 6?
51105330
6772a (base 13) to base 3
100112211122
What is -b57990 (base 12) in base 5?
-1212314312
10b985 (base 12) to base 11
174311
463754 (base 11) to base 12
2b6585
10368737 (base 10) to base 3
201111210020022
What is -1002200110110 (base 3) in base 9?
-1080413
-37386 (base 11) to base 9
-81583
-23310013 (base 4) to base 8
-136407
What is 2511683 (base 9) in base 6?
45135550
Convert -30aeab (base 16) to base 15.
-4304b3
14011 (base 15) to base 8
175215
What is 110011111220 (base 3) in base 6?
5044423
What is -2db37c (base 16) in base 4?
-23123031330
What is 202210001222222 (base 3) in base 8?
52101444
-52a9c8 (base 13) to base 9
-3572351
Convert -225321 (base 9) to base 4.
-200333113
Convert -4121543 (base 10) to base 2.
-1111101110001111000111
What is 34000114 (base 5) in base 13?
a51b2
What is 231423143 (base 5) in base 9?
1863041
Convert 51446305 (base 8) to base 9.
22451087
Convert -20715288 (base 9) to base 8.
-46067141
What is -154223255 (base 6) in base 9?
-6155828
111111101100110 (base 2) to base 10
32614
What is 16047 (base 14) in base 3?
2210100221
What is 1010102202111000 (base 3) in base 4?
331230321102
What is -3979 (base 12) in base 15?
-1e33
Convert -11000001110101011111 (base 2) to base 15.
-10a3a1
Convert -602946 (base 12) to base 6.
-52034130
Convert -2121036 (base 7) to base 13.
-90147
What is -2231200221 (base 4) in base 15?
-e089c
Convert -124134 (base 11) to base 12.
-9539b
What is 587a8 (base 11) in base 9?
138312
What is -cb8b3 (base 15) in base 11?
-401882
34861 (base 11) to base 4
30101222
Convert 34de6d (base 15) to base 9.
4672374
-739b5 (base 16) to base 4
-1303212311
223a96b (base 12) to base 9
13283532
Convert 25254317 (base 8) to base 6.
315514515
Convert -51451524 (base 6) to base 10.
-1484332
Convert 12414432 (base 5) to base 11.
84555
-11200101000 (base 3) to base 7
-532404
-5175523 (base 10) to base 5
-2311104043
-94356 (base 13) to base 9
-445406
Convert -3541254 (base 6) to base 12.
-8a82a
What is -20442203 (base 5) in base 12?
-83341
What is -10110011110111001101 (base 2) in base 14?
-1526a9
Convert -14cc51 (base 16) to base 3.
-2120020201102
34977 (base 11) to base 16
c4f4
11b6 (base 15) to base 9
5150
Convert -11334122 (base 5) to base 7.
-616455
-2210102203 (base 4) to base 8
-2442243
Convert 1a2d8 (base 14) to base 3.
10101010200
Convert 101101022010 (base 3) to base 5.
23014324
What is -5363425 (base 7) in base 9?
-1206487
What is -451543 (base 8) in base 7?
-1203241
Convert 39929 (base 16) to base 11.
15119a
Convert -6bc7c (base 14) to base 2.
-1000000001111100110
Convert -10010011000011101010 (base 2) to base 14.
-11972a
121002020212 (base 3) to base 10
316571
What is -a74ba6 (base 16) in base 8?
-51645646
Convert -161328 (base 13) to base 16.
-85275
Convert 240203313 (base 5) to base 12.
450a0a
What is 2994c (base 13) in base 11?
53a66
-102212122101 (base 3) to base 6
-5002101
What is 1670335 (base 8) in base 10?
487645
What is 10023120 (base 4) in base 15?
510c
What is -3112415 (base 6) in base 5?
-14242002
What is -1001111100 (base 3) in base 9?
-31440
-100022012100001 (base 3) to base 16
-4b71c2
3a696 (base 15) to base 12
90350
What is -376176 (base 9) in base 2?
-110111100100001110
What is -203171 (base 8) in base 6?
-1235025
What is 5793d1 (base 16) in base 4?
111321033101
Convert 2040b1 (base 12) to base 9.
848287
Convert -5a5a4 (base 13) to base 15.
-341a4
Convert -116652 (base 8) to base 10.
-40362
What is -131818 (base 11) in base 13?
-73477
What is -10001000010010010100 (base 2) in base 6?
-15544220
What is 222b22 (base 12) in base 15?
ab3a2
What is 215970 (base 12) in base 7?
4330404
Convert 2311322 (base 6) to base 8.
347002
352612 (base 7) to base 10
63415
What is 107086 (base 13) in base 5?
44334112
What is 111011010111110101 (base 2) in base 7?
2032002
What is 12221111110220 (base 3) in base 2?
1100000011010001000001
What is 53442 (base 6) in base 11?
5535
What is 12120122200 (base 3) in base 11?
75573
203604 (base 7) to base 15
a546
27a1a8 (base 13) to base 7
11125541
Convert -876812 (base 10) to base 8.
-3260414
Convert 1360174 (base 8) to base 6.
12131032
Convert 1202220 (base 10) to base 13.
331296
-12200031101 (base 4) to base 5
-414023120
What is -325b3 (base 14) in base 12?
-5a641
531566 (base 7) to base 3
11200000202
Convert -25611 (base 12) to base 11.
-35344
What is -1c737f (base 16) in base 10?
-1864575
What is 260433 (base 9) in base 10?
157818
What is -134751 (base 9) in base 7?
-461554
211121122201 (base 3) to base 5
103221133
What is 301233143 (base 6) in base 12?
18627b3
Convert 1461a2 (base 11) to base 3.
102120112022
bb8a0 (base 16) to base 2
10111011100010100000
What is -9a0c3a (base 15) in base 12?
-2561784
What is 30423404 (base 5) in base 15?
4d9d9
Convert -4542104 (base 7) to base 11.
-356523
What is -20221200001001 (base 3) in base 10?
-3693871
Convert -2325100 (base 6) to base 8.
-353034
Convert -1b1d8a (base 14) to base 10.
-965814
Convert 4253000 (base 9) to base 4.
20230113012
What is -102210121021020 (base 3) in base 8?
-27730115
1e25a5 (base 15) to base 10
1476155
What is -240331323 (base 5) in base 6?
-35404421
-a3a0 (base 16) to base 11
-29520
Convert 2a13c7 (base 14) to base 5.
333311230
Convert -7b459 (base 15) to base 11.
-248974
Convert 3003231102 (base 4) to base 10.
801618
42404333 (base 5) to base 14
9408b
-13022045 (base 6) to base 12
-184925
What is 131978 (base 12) in base 8?
1145454
-32666115 (base 7) to base 16
-2b147e
-a1281 (base 11) to base 7
-1154461
What is -15b2c7 (base 16) in base 15?
-1d1518
What is -1b087 (base 14) in base 11?
-476a2
Convert 12423422 (base 6) to base 10.
407750
Convert 3423004 (base 5) to base 7.
342566
What is 143c9bb (base 13) in base 9?
13073360
What is 22220221102 (base 3) in base 12?
85792
Convert b599c (base 14) to base 13.
1245b7
Convert 826105 (base 11) to base 8.
5035352
Convert -2b4b91b (base 12) to base 14.
-1255727
What is -446522 (base 7) in base 10?
-79151
Convert -230410222 (base 7) to base 15.
-137dd34
Convert -19add0 (base 14) to base 13.
-25cb97
Convert 20121220121 (base 3) to 